4942. Is p composite?
True
Suppose 9*w + 53811 - 356886 = 0. Suppose u + 3*u - 26944 = 4*f, w = 5*u - 4*f. Is u prime?
False
Suppose 62*x - 124*x + 10920370 = 0. Is x a composite number?
True
Suppose 0 = 3*t - l - 11483, t - 3845 = -0*t - 4*l. Let i be (-14 - (-6)/(-3))/(3/(-348)). Let q = t - i. Is q composite?
False
Suppose 89029 = 5*w - t, -2*w + 3*t + 6045 = -29551. Is w composite?
False
Suppose 44*a = 43*a - 3. Let s = 9 + a. Suppose -856 = -s*b + 290. Is b prime?
True
Suppose -11*b = -9*b - 28. Suppose -5*n + b = 3*g - 33, 4*n - 20 = 2*g. Let z(j) = 65*j - 16. Is z(n) a prime number?
True
Let b(i) = -5*i**3 - 6*i**2 - 18*i - 6. Let u(r) = -r**2 + 3*r + 3. Let f be u(5). Is b(f) prime?
False
Suppose -4*o + 121133 = 3*s, -12*o + 7*o + 2*s = -151399. Is o composite?
True
Let f = 6 - -15. Let y be ((-36)/(-14))/((6/119)/6). Suppose y = 3*u + f. Is u composite?
True
Suppose c + 4*o = -32956, -34454 + 1519 = c - 3*o. Let y = -19043 - c. Is y prime?
True
Suppose -t + 184985 = -3*l, 43*t + 5*l - 924925 = 38*t. Is t prime?
False
Let r(c) = -c**2 + 18*c + 92. Let z be r(22). Suppose z*l + 3560 = 4*k, l + 0*l - 1795 = -2*k. Is k prime?
False
Let y be (-21)/28*(-16)/6 - 156. Let v = 56 + y. Let s = v + 172. Is s a composite number?
True
Let r be (-36)/(-15)*95/57. Suppose 24*w - 119420 = -r*w. Is w a composite number?
True
Suppose -38*y + 39*y - 98 = 0. Let g = -97 + y. Is (4240/4 - -1) + (1 - g) prime?
True
Is 2922455/55 - (-204)/(-374) a composite number?
True
Let f(r) be the second derivative of r**4/12 - r**3/6 + 9*r**2/2 + 2*r. Let b = 133 + -144. Is f(b) prime?
False
Let r(n) be the third derivative of -745*n**4/12 - 7*n**3/2 + 29*n**2. Is r(-3) prime?
False
Let t = 131 + 17313. Let q = t - 10331. Is q prime?
False
Suppose 3*p - 2704 = -4*x, -3*x - 1111 + 3140 = 2*p. Suppose 3430 = 5*h + 3*l, 0 = h + 2*l - 0*l - x. Suppose 144 = -5*z + h. Is z composite?
False
Let k(p) = -8 + 1 + 3*p - 11*p + 39*p**2 - p**2. Is k(9) composite?
False
Let g = -22 - -46. Suppose -18 = 3*j - g. Suppose -4907 = 5*w - 8*w + 2*r, 5*w + j*r - 8205 = 0. Is w prime?
False
Let v be (144/32 + -3 + -2)*0. Suppose -3*h - 3*h + 5946 = v. Is h a prime number?
True
Suppose -17*x + 285769 = -11*x - 123257. Is x prime?
True
Let w be 8 - (-18)/4*(-12)/27. Suppose 9*h - 5*u - 4911 = w*h, -4*u = -h + 1630. Is h composite?
True
Let v(p) = -105*p**3 + 6*p**2 + 13*p + 5. Suppose 12*k - 2*d = 17*k + 20, -d + 16 = -4*k. Is v(k) a prime number?
False
Let y be (-124)/(-20) - 4/(-5). Is (-6 + y)/(2/2402) a composite number?
False
Suppose 2*s - 4*g = 6, s = -2*g + g + 3. Suppose 4*o - 599 = s*r + 1845, 2*o + 3*r = 1240. Is o prime?
False
Let b = 10 + -21. Let z(x) be the third derivative of -x**4/24 + x**3/3 - x**2 + 139. Is z(b) prime?
True
Suppose 2*a + 2*f = 187074, 4*a = 2*f + 463166 - 89054. Is a prime?
False
Is -3*12/(-45) - 206900094/(-545) prime?
False
Let l(k) = 26*k**2 - 69 + 16*k**2 + 46 - 6*k + 9*k**2. Is l(-4) composite?
True
Let j be (468/(-5))/(-13) - (-1)/(-5). Suppose 0 = -j*g + 21054 + 41561. Is g a composite number?
True
Is -15*(125296/(-30) + 25) a prime number?
True
Let d(y) = -41140*y + 2511. Is d(-4) composite?
False
Let r(o) be the second derivative of 9/2*o**2 - 1/20*o**5 + 7*o - 1/2*o**4 - 2/3*o**3 + 0. Is r(-10) prime?
True
Let p(g) = 595*g - 578. Is p(7) a prime number?
False
Is (-340477)/(-36)*4 + (-12)/(-54) composite?
False
Let w(t) = -193*t - 513. Is w(-28) composite?
True
Suppose d + 3*f - 530106 = 0, -6*f + 1156329 = -3*d + 2746782. Is d composite?
True
Let l be 5 - (6 + -3 + 2 + -13). Suppose -l*h + 15264 + 42079 = 0. Is h composite?
True
Let w be -1 - ((2 - 57) + -4). Let x = -55 + w. Suppose 564 = x*i - 99. Is i prime?
False
Let r(g) = -309*g - 5. Let y be 1/((-2)/(-42)*-3). Let m be r(y). Suppose 5*v - m = -123. Is v composite?
True
Is 789261/44*4/3 prime?
True
Let l be 6/9 - (-12)/9. Suppose -2*f + 6534 = 4*y, -3*f + 9793 = -0*f + l*y. Let s = f - 1980. Is s prime?
True
Let d(s) = 130*s**2 - 3*s + 623. Is d(24) a composite number?
False
Let r = 156 + -582. Is (97/2)/(2127/r + 5) a prime number?
False
Suppose 145131 + 1147284 = 15*k. Is k a prime number?
True
Let m = 1251245 + -813336. Is m composite?
False
Is (6/(-2) - -2)/((-82)/11395622) prime?
False
Let i be 0/((-28)/49*14/(-4)). Suppose i = 104*l - 107*l. Suppose 5*s + l*s - 1115 = 0. Is s a composite number?
False
Let l(k) be the first derivative of k**4/2 - 3*k**3 + 14*k**2 - 14*k + 168. Is l(11) a composite number?
False
Let c(x) = x**3 - 40*x**2 + 27*x - 161. Let i(r) = -24*r - 271. Let k be i(-13). Is c(k) a composite number?
True
Suppose -1669 = -g - 3*x, 9*x - 6*x = 12. Is g prime?
True
Let g(p) = -27688*p + 31. Let d be g(-3). Suppose 0 = -8*r + 13*r - d. Is r a prime number?
True
Suppose -2*c + 3*n + 223297 = 0, -4*c + 425629 = 4*n - 21035. Is c composite?
False
Let h = -74513 - -128494. Is h composite?
True
Let i = 88 - 88. Is (-1 - i) + 6241 + (-7)/(-1) composite?
False
Let f be 8/36 - 10/45. Suppose f*c + 3*c - 8 = -w, 4*c + 4*w = 24. Is (c/(-2))/((-3)/318) composite?
False
Suppose 143*l - 27*l = 1673764. Is l composite?
True
Let z(q) = 56*q**2 - 82*q + 595. Is z(67) prime?
False
Let c = -988 - -2030. Is c composite?
True
Let d(g) = 30053*g + 12. Is d(19) composite?
False
Let g = 43 - 46. Let s(u) = 17*u - 10. Let b be s(g). Let a = 378 + b. Is a a prime number?
True
Let m = -90141 + 169179. Suppose -m = 4*o - 22*o. Is o composite?
False
Suppose 4*p = 4*m + 24, -476*m - 30 = -475*m - 5*p. Let s = 2900 - 1904. Suppose m = -k + 5*k - s. Is k prime?
False
Let k be (-1 + 2/4)/((-5)/(-60)). Is ((-210)/(-7))/k + 8578 prime?
True
Suppose -2*j = 10*j. Suppose j = -4*l - l + 42205. Is l composite?
True
Let q(p) = 13*p**3 - 7*p**2 - 15*p + 41. Let y(z) = 13*z**3 - 6*z**2 - 14*z + 43. Let u(v) = 7*q(v) - 6*y(v). Is u(10) composite?
False
Let m = -962 - -1376. Suppose 5*s - 533 = 842. Suppose m + s = k. Is k composite?
True
Let l(f) = -4*f + 35. Let h be l(8). Suppose 3*y = -2*r + 1328, 0 = r + h*y - 8*y - 677. Is r prime?
False
Let q(i) be the first derivative of i**2/2 + 2*i - 14. Let a be q(2). Suppose 181 = 5*c - a*y, -2*c + y + 86 = 16. Is c a prime number?
False
Suppose 6*u - 18*u = 30660. Let n = -92 - u. Is n prime?
False
Let f = -21 + 24. Suppose -r = f*r. Suppose l + l - 212 = r. Is l a prime number?
False
Let h be ((-2)/2 - -2)/(58/(-102370)). Let z = h - -3068. Is z a composite number?
False
Suppose 701*r - 132466 = -4*h + 703*r, 5*r = -4*h + 132501. Is h a composite number?
False
Let j(k) = -k**3 + 30*k**2 + 14*k + 31. Let b(q) = 5*q**3 - 122*q**2 - 55*q - 125. Let u(w) = 2*b(w) + 9*j(w). Is u(-18) a composite number?
False
Suppose 2*g - h + 95 + 277 = 0, 4*g = -2*h - 728. Let t = g - -279. Let p = 0 + t. Is p prime?
False
Let k(y) = y**3 - 8*y**2 - y + 10. Let n be k(8). Suppose -b = n*b - 1455. Is b a prime number?
False
Let s be (3 + (-46)/6)/((-4)/(-6)). Let c(t) = -400*t - 39. Is c(s) prime?
False
Suppose 0 = 4*v + f - 93699, 14*v - 11*v - 70255 = 2*f. Is v prime?
False
Suppose 59058 = 11*o - 10*o - 2*p, -2*p = -2*o + 118112. Is o prime?
False
Let r be (-48)/(-30)*17330/4. Let o = r - 3823. Is o composite?
False
Suppose 5*y + 5*r - 27559 + 7199 = 0, 3*y = 5*r + 12224. Suppose -6*u + y = -133. Is u prime?
True
Suppose -7*m - 4770 = -m. Let n = m + 2266. Is n a prime number?
True
Let y(v) be the second derivative of -17*v + 0 - 5/3*v**3 + 3/2*v**2 + 1/3*v**4. Is y(8) prime?
True
Let y = -56 + 58. Let v be (12/10)/(y/565). Suppose -v = -4*b + 553. Is b a prime number?
True
Let t(l) = -9*l + 56. Let h be t(6). Is (-6 - 0)*68/(-8) + h a composite number?
False
Let l(p) = 298*p + 4. Let a be l(1). Suppose 48 = -5*w - a. Is 2514/10 + 28/w composite?
False
Let s(x) = 1261*x - 27. Let b be s(2). Let y = b - -10182. Is y prime?
False
Let p = -803 - -817. Is 1220 - ((-7)/p - (-9)/6) a composite number?
True
Let z = 3460 + -1663. Let g = 7306 - z. Is g a prime number?
False
Let w(f) = -222*f + 95 - 142*f + 20*f - 39*f. Is w(-36) composite?
False
Let b = 6412 + 17905. Is b prime?
True
Let u(a) = -a**2 - 10*a - 2. Let t be u(-9). Let r(q) = -17 + 72*q + t - 19. Is r(13) a prime number?
True
Let w = -212698 + 736685. Is w prime?
True
Suppose 5*h + 2*f = 57295, -h - 7*f = -3*f - 11459. Is h 